{"id":3865,"date":"2026-06-16T09:27:57","date_gmt":"2026-06-16T14:27:57","guid":{"rendered":"https:\/\/holamayo.com\/webmayo\/palabra-de-maestro\/cada-uno-es-cada-uno-y-tiene-sus-cadaunadas-copy\/"},"modified":"2026-06-16T09:30:39","modified_gmt":"2026-06-16T14:30:39","slug":"con-la-verdad-no-temo-ni-ofendo","status":"publish","type":"palabra-de-maestro","link":"https:\/\/holamayo.com\/webmayo\/palabra-de-maestro\/con-la-verdad-no-temo-ni-ofendo\/","title":{"rendered":"CON LA VERDAD NO TEMO NI OFENDO"},"content":{"rendered":"<h1 style=\"text-align: center;\">&#8220;CON LA VERDAD NO TEMO NI OFENDO&#8221;<\/h1>\n<p>Antiguo dicho que, al parecer, hoy no se tiene mucho en cuenta&#8230;<\/p>\n<p>La Verdad, con may\u00fascula, muchas veces desaparece. La verdad, con min\u00fascula, es un comod\u00edn, es decir que sirve para acomodarse&#8230;<\/p>\n<p>Es com\u00fan o\u00edr aseveraciones como &#8220;es mi verdad&#8221;, como si la Verdad tuviera due\u00f1o.<br \/>\nA esto se suman &#8220;es tu verdad&#8221;, &#8220;nuestra verdad&#8221;, &#8220;es la pura verdad&#8221;, la &#8220;verdad verdadera&#8221; y tantas otras maneras de expresarse, cuando la Verdad que en todos los casos es una y sin subterfugios.<\/p>\n<p>Muchos seres humanos le temen a la Verdad y se esconden en palabrer\u00eda o &#8220;figuras ret\u00f3ricas&#8221;&#8230;<\/p>\n<p>La Verdad es de los inocentes y los valientes.<\/p>\n<p>Ser una de las dos cosas es una condici\u00f3n humana, que suele ser mal vista&#8230; \u00bfPor qu\u00e9 ser\u00e1?<\/p>\n<p><strong>Manolo Echegaray.\u00a0<\/strong><\/p>\n","protected":false},"featured_media":3867,"template":"","yoast_head":"<!-- This site is optimized with the Yoast SEO plugin v16.5 - https:\/\/yoast.com\/wordpress\/plugins\/seo\/ -->\n<title>CON LA VERDAD NO TEMO NI OFENDO - Mayo<\/title>\n<meta name=\"description\" content=\"Antiguo dicho que, al parecer, hoy no se tiene mucho en cuenta...La Verdad, con may\u00fascula, muchas veces desaparece. La verdad, con min\u00fascula, es un comod\u00edn, es decir que sirve para acomodarse...\" \/>\n<meta name=\"robots\" content=\"index, follow, max-snippet:-1, max-image-preview:large, max-video-preview:-1\" \/>\n<link rel=\"canonical\" href=\"https:\/\/holamayo.com\/webmayo\/palabra-de-maestro\/con-la-verdad-no-temo-ni-ofendo\/\" \/>\n<meta property=\"og:locale\" content=\"es_ES\" \/>\n<meta property=\"og:type\" content=\"article\" \/>\n<meta property=\"og:title\" content=\"CON LA VERDAD NO TEMO NI OFENDO - Mayo\" \/>\n<meta property=\"og:description\" content=\"Antiguo dicho que, al parecer, hoy no se tiene mucho en cuenta...La Verdad, con may\u00fascula, muchas veces desaparece. La verdad, con min\u00fascula, es un comod\u00edn, es decir que sirve para acomodarse...\" \/>\n<meta property=\"og:url\" content=\"https:\/\/holamayo.com\/webmayo\/palabra-de-maestro\/con-la-verdad-no-temo-ni-ofendo\/\" \/>\n<meta property=\"og:site_name\" content=\"Mayo\" \/>\n<meta property=\"article:modified_time\" content=\"2026-06-16T14:30:39+00:00\" \/>\n<meta property=\"og:image\" content=\"https:\/\/holamayo.com\/webmayo\/wp-content\/uploads\/2026\/06\/WhatsApp-Image-2026-06-16-at-7.11.23-AM.jpeg\" \/>\n\t<meta property=\"og:image:width\" content=\"1536\" \/>\n\t<meta property=\"og:image:height\" content=\"1024\" \/>\n<meta name=\"twitter:card\" content=\"summary_large_image\" \/>\n<meta name=\"twitter:label1\" content=\"Tiempo de lectura\" \/>\n\t<meta name=\"twitter:data1\" content=\"1 minuto\" \/>\n<script type=\"application\/ld+json\" class=\"yoast-schema-graph\">{\"@context\":\"https:\/\/schema.org\",\"@graph\":[{\"@type\":\"WebSite\",\"@id\":\"https:\/\/holamayo.com\/webmayo\/inicio\/#website\",\"url\":\"https:\/\/holamayo.com\/webmayo\/inicio\/\",\"name\":\"Mayo\",\"description\":\"Agencia de Publicidad\",\"potentialAction\":[{\"@type\":\"SearchAction\",\"target\":\"https:\/\/holamayo.com\/webmayo\/inicio\/?s={search_term_string}\",\"query-input\":\"required name=search_term_string\"}],\"inLanguage\":\"es\"},{\"@type\":\"ImageObject\",\"@id\":\"https:\/\/holamayo.com\/webmayo\/palabra-de-maestro\/con-la-verdad-no-temo-ni-ofendo\/#primaryimage\",\"inLanguage\":\"es\",\"url\":\"https:\/\/holamayo.com\/webmayo\/wp-content\/uploads\/2026\/06\/WhatsApp-Image-2026-06-16-at-7.11.23-AM.jpeg\",\"contentUrl\":\"https:\/\/holamayo.com\/webmayo\/wp-content\/uploads\/2026\/06\/WhatsApp-Image-2026-06-16-at-7.11.23-AM.jpeg\",\"width\":1536,\"height\":1024},{\"@type\":\"WebPage\",\"@id\":\"https:\/\/holamayo.com\/webmayo\/palabra-de-maestro\/con-la-verdad-no-temo-ni-ofendo\/#webpage\",\"url\":\"https:\/\/holamayo.com\/webmayo\/palabra-de-maestro\/con-la-verdad-no-temo-ni-ofendo\/\",\"name\":\"CON LA VERDAD NO TEMO NI OFENDO - Mayo\",\"isPartOf\":{\"@id\":\"https:\/\/holamayo.com\/webmayo\/inicio\/#website\"},\"primaryImageOfPage\":{\"@id\":\"https:\/\/holamayo.com\/webmayo\/palabra-de-maestro\/con-la-verdad-no-temo-ni-ofendo\/#primaryimage\"},\"datePublished\":\"2026-06-16T14:27:57+00:00\",\"dateModified\":\"2026-06-16T14:30:39+00:00\",\"description\":\"Antiguo dicho que, al parecer, hoy no se tiene mucho en cuenta...La Verdad, con may\\u00fascula, muchas veces desaparece. La verdad, con min\\u00fascula, es un comod\\u00edn, es decir que sirve para acomodarse...\",\"breadcrumb\":{\"@id\":\"https:\/\/holamayo.com\/webmayo\/palabra-de-maestro\/con-la-verdad-no-temo-ni-ofendo\/#breadcrumb\"},\"inLanguage\":\"es\",\"potentialAction\":[{\"@type\":\"ReadAction\",\"target\":[\"https:\/\/holamayo.com\/webmayo\/palabra-de-maestro\/con-la-verdad-no-temo-ni-ofendo\/\"]}]},{\"@type\":\"BreadcrumbList\",\"@id\":\"https:\/\/holamayo.com\/webmayo\/palabra-de-maestro\/con-la-verdad-no-temo-ni-ofendo\/#breadcrumb\",\"itemListElement\":[{\"@type\":\"ListItem\",\"position\":1,\"name\":\"Inicio\",\"item\":\"https:\/\/holamayo.com\/webmayo\/\"},{\"@type\":\"ListItem\",\"position\":2,\"name\":\"Palabra de Maestro\",\"item\":\"https:\/\/holamayo.com\/webmayo\/palabra-de-maestro\/\"},{\"@type\":\"ListItem\",\"position\":3,\"name\":\"CON LA VERDAD NO TEMO NI OFENDO\"}]}]}<\/script>\n<!-- \/ Yoast SEO plugin. -->","_links":{"self":[{"href":"https:\/\/holamayo.com\/webmayo\/wp-json\/wp\/v2\/palabra-de-maestro\/3865"}],"collection":[{"href":"https:\/\/holamayo.com\/webmayo\/wp-json\/wp\/v2\/palabra-de-maestro"}],"about":[{"href":"https:\/\/holamayo.com\/webmayo\/wp-json\/wp\/v2\/types\/palabra-de-maestro"}],"version-history":[{"count":3,"href":"https:\/\/holamayo.com\/webmayo\/wp-json\/wp\/v2\/palabra-de-maestro\/3865\/revisions"}],"predecessor-version":[{"id":3869,"href":"https:\/\/holamayo.com\/webmayo\/wp-json\/wp\/v2\/palabra-de-maestro\/3865\/revisions\/3869"}],"wp:featuredmedia":[{"embeddable":true,"href":"https:\/\/holamayo.com\/webmayo\/wp-json\/wp\/v2\/media\/3867"}],"wp:attachment":[{"href":"https:\/\/holamayo.com\/webmayo\/wp-json\/wp\/v2\/media?parent=3865"}],"curies":[{"name":"wp","href":"https:\/\/api.w.org\/{rel}","templated":true}]}}

<h1 style="text-align: center;">&#8220;CON LA VERDAD NO TEMO NI OFENDO&#8221;</h1>
<p>Antiguo dicho que, al parecer, hoy no se tiene mucho en cuenta&#8230;</p>
<p>La Verdad, con mayúscula, muchas veces desaparece. La verdad, con minúscula, es un comodín, es decir que sirve para acomodarse&#8230;</p>
<p>Es común oír aseveraciones como &#8220;es mi verdad&#8221;, como si la Verdad tuviera dueño.<br />
A esto se suman &#8220;es tu verdad&#8221;, &#8220;nuestra verdad&#8221;, &#8220;es la pura verdad&#8221;, la &#8220;verdad verdadera&#8221; y tantas otras maneras de expresarse, cuando la Verdad que en todos los casos es una y sin subterfugios.</p>
<p>Muchos seres humanos le temen a la Verdad y se esconden en palabrería o &#8220;figuras retóricas&#8221;&#8230;</p>
<p>La Verdad es de los inocentes y los valientes.</p>
<p>Ser una de las dos cosas es una condición humana, que suele ser mal vista&#8230; ¿Por qué será?</p>
<p><strong>Manolo Echegaray. </strong></p>

<!-- This site is optimized with the Yoast SEO plugin v16.5 - https://yoast.com/wordpress/plugins/seo/ -->
<title>CON LA VERDAD NO TEMO NI OFENDO - Mayo</title>
<meta name="description" content="Antiguo dicho que, al parecer, hoy no se tiene mucho en cuenta...La Verdad, con mayúscula, muchas veces desaparece. La verdad, con minúscula, es un comodín, es decir que sirve para acomodarse..." />
<meta name="robots" content="index, follow, max-snippet:-1, max-image-preview:large, max-video-preview:-1" />
<link rel="canonical" href="https://holamayo.com/webmayo/palabra-de-maestro/con-la-verdad-no-temo-ni-ofendo/" />
<meta property="og:locale" content="es_ES" />
<meta property="og:type" content="article" />
<meta property="og:title" content="CON LA VERDAD NO TEMO NI OFENDO - Mayo" />
<meta property="og:description" content="Antiguo dicho que, al parecer, hoy no se tiene mucho en cuenta...La Verdad, con mayúscula, muchas veces desaparece. La verdad, con minúscula, es un comodín, es decir que sirve para acomodarse..." />
<meta property="og:url" content="https://holamayo.com/webmayo/palabra-de-maestro/con-la-verdad-no-temo-ni-ofendo/" />
<meta property="og:site_name" content="Mayo" />
<meta property="article:modified_time" content="2026-06-16T14:30:39+00:00" />
<meta property="og:image" content="https://holamayo.com/webmayo/wp-content/uploads/2026/06/WhatsApp-Image-2026-06-16-at-7.11.23-AM.jpeg" />
	<meta property="og:image:width" content="1536" />
	<meta property="og:image:height" content="1024" />
<meta name="twitter:card" content="summary_large_image" />
<meta name="twitter:label1" content="Tiempo de lectura" />
	<meta name="twitter:data1" content="1 minuto" />
<script type="application/ld+json" class="yoast-schema-graph">{"@context":"https://schema.org","@graph":[{"@type":"WebSite","@id":"https://holamayo.com/webmayo/inicio/#website","url":"https://holamayo.com/webmayo/inicio/","name":"Mayo","description":"Agencia de Publicidad","potentialAction":[{"@type":"SearchAction","target":"https://holamayo.com/webmayo/inicio/?s={search_term_string}","query-input":"required name=search_term_string"}],"inLanguage":"es"},{"@type":"ImageObject","@id":"https://holamayo.com/webmayo/palabra-de-maestro/con-la-verdad-no-temo-ni-ofendo/#primaryimage","inLanguage":"es","url":"https://holamayo.com/webmayo/wp-content/uploads/2026/06/WhatsApp-Image-2026-06-16-at-7.11.23-AM.jpeg","contentUrl":"https://holamayo.com/webmayo/wp-content/uploads/2026/06/WhatsApp-Image-2026-06-16-at-7.11.23-AM.jpeg","width":1536,"height":1024},{"@type":"WebPage","@id":"https://holamayo.com/webmayo/palabra-de-maestro/con-la-verdad-no-temo-ni-ofendo/#webpage","url":"https://holamayo.com/webmayo/palabra-de-maestro/con-la-verdad-no-temo-ni-ofendo/","name":"CON LA VERDAD NO TEMO NI OFENDO - Mayo","isPartOf":{"@id":"https://holamayo.com/webmayo/inicio/#website"},"primaryImageOfPage":{"@id":"https://holamayo.com/webmayo/palabra-de-maestro/con-la-verdad-no-temo-ni-ofendo/#primaryimage"},"datePublished":"2026-06-16T14:27:57+00:00","dateModified":"2026-06-16T14:30:39+00:00","description":"Antiguo dicho que, al parecer, hoy no se tiene mucho en cuenta...La Verdad, con may\u00fascula, muchas veces desaparece. La verdad, con min\u00fascula, es un comod\u00edn, es decir que sirve para acomodarse...","breadcrumb":{"@id":"https://holamayo.com/webmayo/palabra-de-maestro/con-la-verdad-no-temo-ni-ofendo/#breadcrumb"},"inLanguage":"es","potentialAction":[{"@type":"ReadAction","target":["https://holamayo.com/webmayo/palabra-de-maestro/con-la-verdad-no-temo-ni-ofendo/"]}]},{"@type":"BreadcrumbList","@id":"https://holamayo.com/webmayo/palabra-de-maestro/con-la-verdad-no-temo-ni-ofendo/#breadcrumb","itemListElement":[{"@type":"ListItem","position":1,"name":"Inicio","item":"https://holamayo.com/webmayo/"},{"@type":"ListItem","position":2,"name":"Palabra de Maestro","item":"https://holamayo.com/webmayo/palabra-de-maestro/"},{"@type":"ListItem","position":3,"name":"CON LA VERDAD NO TEMO NI OFENDO"}]}]}</script>
<!-- / Yoast SEO plugin. -->
